{"id":2567,"date":"2026-03-20T15:46:24","date_gmt":"2026-03-20T20:46:24","guid":{"rendered":"https:\/\/mecticenter.com\/?page_id=2567"},"modified":"2026-03-20T16:19:35","modified_gmt":"2026-03-20T21:19:35","slug":"blog","status":"publish","type":"page","link":"https:\/\/mecticenter.com\/?page_id=2567","title":{"rendered":"Blog"},"content":{"rendered":"\t\t<div data-elementor-type=\"wp-page\" data-elementor-id=\"2567\" class=\"elementor elementor-2567\" data-elementor-post-type=\"page\">\n\t\t\t\t<div class=\"elementor-element elementor-element-2391ed55 e-con-full e-flex elementor-invisible e-con e-parent\" data-id=\"2391ed55\" data-element_type=\"container\" data-settings=\"{&quot;animation&quot;:&quot;fadeInLeft&quot;,&quot;animation_delay&quot;:1}\">\n\t\t\t\t<div class=\"elementor-element elementor-element-51f17156 elementor-widget elementor-widget-heading\" data-id=\"51f17156\" data-element_type=\"widget\" data-widget_type=\"heading.default\">\n\t\t\t\t\t<h1 class=\"elementor-heading-title elementor-size-default\">Blog Mecticenter<\/h1>\t\t\t\t<\/div>\n\t\t\t\t<div class=\"elementor-element elementor-element-90e509c elementor-widget elementor-widget-heading\" data-id=\"90e509c\" data-element_type=\"widget\" data-widget_type=\"heading.default\">\n\t\t\t\t\t<h2 class=\"elementor-heading-title elementor-size-default\">Consejos y gu\u00edas para el mantenimiento de tu veh\u00edculo<\/h2>\t\t\t\t<\/div>\n\t\t\t\t<div class=\"elementor-element elementor-element-5c78a1d4 elementor-widget elementor-widget-text-editor\" data-id=\"5c78a1d4\" data-element_type=\"widget\" data-widget_type=\"text-editor.default\">\n\t\t\t\t\t\t\t\t\t<p data-path-to-node=\"2\">Aqu\u00ed encontrar\u00e1s art\u00edculos pr\u00e1cticos para cuidar tu carro, ahorrar en reparaciones y conocer todo sobre mec\u00e1nica automotriz para todo tipo de veh\u00edculo<\/p>\t\t\t\t\t\t\t\t<\/div>\n\t\t\t\t<div class=\"elementor-element elementor-element-790b58f5 elementor-widget-divider--view-line elementor-widget elementor-widget-divider\" data-id=\"790b58f5\" data-element_type=\"widget\" data-widget_type=\"divider.default\">\n\t\t\t\t\t\t\t<div class=\"elementor-divider\">\n\t\t\t<span class=\"elementor-divider-separator\">\n\t\t\t\t\t\t<\/span>\n\t\t<\/div>\n\t\t\t\t\t\t<\/div>\n\t\t\t\t<\/div>\n\t\t<div class=\"elementor-element elementor-element-4c51037 e-flex e-con-boxed e-con e-parent\" data-id=\"4c51037\" data-element_type=\"container\">\n\t\t\t\t\t<div class=\"e-con-inner\">\n\t\t\t\t<div class=\"elementor-element elementor-element-69835e3 elementor-posts--align-center elementor-grid-3 elementor-grid-tablet-2 elementor-grid-mobile-1 elementor-posts--thumbnail-top elementor-widget elementor-widget-posts\" data-id=\"69835e3\" data-element_type=\"widget\" data-settings=\"{&quot;classic_columns&quot;:&quot;3&quot;,&quot;classic_columns_tablet&quot;:&quot;2&quot;,&quot;classic_columns_mobile&quot;:&quot;1&quot;,&quot;classic_row_gap&quot;:{&quot;unit&quot;:&quot;px&quot;,&quot;size&quot;:35,&quot;sizes&quot;:[]},&quot;classic_row_gap_tablet&quot;:{&quot;unit&quot;:&quot;px&quot;,&quot;size&quot;:&quot;&quot;,&quot;sizes&quot;:[]},&quot;classic_row_gap_mobile&quot;:{&quot;unit&quot;:&quot;px&quot;,&quot;size&quot;:&quot;&quot;,&quot;sizes&quot;:[]}}\" data-widget_type=\"posts.classic\">\n\t\t\t\t<div class=\"elementor-widget-container\">\n\t\t\t\t\t\t\t<div class=\"elementor-posts-container elementor-posts elementor-posts--skin-classic elementor-grid\" role=\"list\">\n\t\t\t\t<article class=\"elementor-post elementor-grid-item post-2591 post type-post status-publish format-standard has-post-thumbnail hentry category-sin-categoria\" role=\"listitem\">\n\t\t\t\t<a class=\"elementor-post__thumbnail__link\" href=\"https:\/\/mecticenter.com\/?p=2591\" tabindex=\"-1\" >\n\t\t\t<div class=\"elementor-post__thumbnail\"><img fetchpriority=\"high\" decoding=\"async\" width=\"768\" height=\"419\" src=\"https:\/\/mecticenter.com\/wp-content\/uploads\/2026\/03\/Mecanico-electrico-a-domicilio-medellin-768x419.webp\" class=\"attachment-medium_large size-medium_large wp-image-2287\" alt=\"Mecanico electrico a domicilio en medellin\" srcset=\"https:\/\/mecticenter.com\/wp-content\/uploads\/2026\/03\/Mecanico-electrico-a-domicilio-medellin-768x419.webp 768w, https:\/\/mecticenter.com\/wp-content\/uploads\/2026\/03\/Mecanico-electrico-a-domicilio-medellin-300x163.webp 300w, https:\/\/mecticenter.com\/wp-content\/uploads\/2026\/03\/Mecanico-electrico-a-domicilio-medellin-1024x558.webp 1024w, https:\/\/mecticenter.com\/wp-content\/uploads\/2026\/03\/Mecanico-electrico-a-domicilio-medellin.webp 1380w\" sizes=\"(max-width: 768px) 100vw, 768px\" \/><\/div>\n\t\t<\/a>\n\t\t\t\t<div class=\"elementor-post__text\">\n\t\t\t\t<h3 class=\"elementor-post__title\">\n\t\t\t<a href=\"https:\/\/mecticenter.com\/?p=2591\" >\n\t\t\t\tAlineaci\u00f3n y balanceo en Medell\u00edn: precios, cu\u00e1ndo hacerlo y d\u00f3nde\t\t\t<\/a>\n\t\t<\/h3>\n\t\t\t\t<div class=\"elementor-post__meta-data\">\n\t\t\t\t\t<span class=\"elementor-post-date\">\n\t\t\t20 marzo, 2026\t\t<\/span>\n\t\t\t\t<span class=\"elementor-post-avatar\">\n\t\t\tNo hay comentarios\t\t<\/span>\n\t\t\t\t<\/div>\n\t\t\t\t<div class=\"elementor-post__excerpt\">\n\t\t\t<p>Todo lo que necesitas saber sobre alineaci\u00f3n y balanceo en Medell\u00edn: precios, cu\u00e1ndo hacerlo y por qu\u00e9 es clave para tus llantas y tu seguridad.<\/p>\n\t\t<\/div>\n\t\t\n\t\t<a class=\"elementor-post__read-more\" href=\"https:\/\/mecticenter.com\/?p=2591\" aria-label=\"Read more about Alineaci\u00f3n y balanceo en Medell\u00edn: precios, cu\u00e1ndo hacerlo y d\u00f3nde\" tabindex=\"-1\" >\n\t\t\tLeer completo\t\t<\/a>\n\n\t\t\t\t<\/div>\n\t\t\t\t<\/article>\n\t\t\t\t<article class=\"elementor-post elementor-grid-item post-2587 post type-post status-publish format-standard has-post-thumbnail hentry category-sin-categoria\" role=\"listitem\">\n\t\t\t\t<a class=\"elementor-post__thumbnail__link\" href=\"https:\/\/mecticenter.com\/?p=2587\" tabindex=\"-1\" >\n\t\t\t<div class=\"elementor-post__thumbnail\"><img decoding=\"async\" width=\"768\" height=\"313\" src=\"https:\/\/mecticenter.com\/wp-content\/uploads\/2026\/03\/Motres-diesel-y-gasolina-768x313.webp\" class=\"attachment-medium_large size-medium_large wp-image-1678\" alt=\"\" srcset=\"https:\/\/mecticenter.com\/wp-content\/uploads\/2026\/03\/Motres-diesel-y-gasolina-768x313.webp 768w, https:\/\/mecticenter.com\/wp-content\/uploads\/2026\/03\/Motres-diesel-y-gasolina-300x122.webp 300w, https:\/\/mecticenter.com\/wp-content\/uploads\/2026\/03\/Motres-diesel-y-gasolina-1024x418.webp 1024w, https:\/\/mecticenter.com\/wp-content\/uploads\/2026\/03\/Motres-diesel-y-gasolina-1536x627.webp 1536w, https:\/\/mecticenter.com\/wp-content\/uploads\/2026\/03\/Motres-diesel-y-gasolina-2048x836.webp 2048w\" sizes=\"(max-width: 768px) 100vw, 768px\" \/><\/div>\n\t\t<\/a>\n\t\t\t\t<div class=\"elementor-post__text\">\n\t\t\t\t<h3 class=\"elementor-post__title\">\n\t\t\t<a href=\"https:\/\/mecticenter.com\/?p=2587\" >\n\t\t\t\tCambio de aceite en Medell\u00edn: gu\u00eda completa de precios, tipos y d\u00f3nde hacerlo\t\t\t<\/a>\n\t\t<\/h3>\n\t\t\t\t<div class=\"elementor-post__meta-data\">\n\t\t\t\t\t<span class=\"elementor-post-date\">\n\t\t\t20 marzo, 2026\t\t<\/span>\n\t\t\t\t<span class=\"elementor-post-avatar\">\n\t\t\tNo hay comentarios\t\t<\/span>\n\t\t\t\t<\/div>\n\t\t\t\t<div class=\"elementor-post__excerpt\">\n\t\t\t<p>Todo lo que necesitas saber sobre el cambio de aceite en Medell\u00edn: precios, tipos de aceite y d\u00f3nde hacerlo.<\/p>\n\t\t<\/div>\n\t\t\n\t\t<a class=\"elementor-post__read-more\" href=\"https:\/\/mecticenter.com\/?p=2587\" aria-label=\"Read more about Cambio de aceite en Medell\u00edn: gu\u00eda completa de precios, tipos y d\u00f3nde hacerlo\" tabindex=\"-1\" >\n\t\t\tLeer completo\t\t<\/a>\n\n\t\t\t\t<\/div>\n\t\t\t\t<\/article>\n\t\t\t\t<\/div>\n\t\t\n\t\t\t\t\t\t<\/div>\n\t\t\t\t<\/div>\n\t\t\t\t\t<\/div>\n\t\t\t\t<\/div>\n\t\t\t\t<\/div>\n\t\t","protected":false},"excerpt":{"rendered":"<p>Blog Mecticenter Consejos y gu\u00edas para el mantenimiento de tu veh\u00edculo Aqu\u00ed encontrar\u00e1s art\u00edculos pr\u00e1cticos para cuidar tu carro, ahorrar en reparaciones y conocer todo sobre mec\u00e1nica automotriz para todo tipo de veh\u00edculo<\/p>\n","protected":false},"author":1,"featured_media":0,"parent":0,"menu_order":0,"comment_status":"closed","ping_status":"closed","template":"","meta":{"footnotes":""},"class_list":["post-2567","page","type-page","status-publish","hentry"],"_links":{"self":[{"href":"https:\/\/mecticenter.com\/index.php?rest_route=\/wp\/v2\/pages\/2567","targetHints":{"allow":["GET"]}}],"collection":[{"href":"https:\/\/mecticenter.com\/index.php?rest_route=\/wp\/v2\/pages"}],"about":[{"href":"https:\/\/mecticenter.com\/index.php?rest_route=\/wp\/v2\/types\/page"}],"author":[{"embeddable":true,"href":"https:\/\/mecticenter.com\/index.php?rest_route=\/wp\/v2\/users\/1"}],"replies":[{"embeddable":true,"href":"https:\/\/mecticenter.com\/index.php?rest_route=%2Fwp%2Fv2%2Fcomments&post=2567"}],"version-history":[{"count":22,"href":"https:\/\/mecticenter.com\/index.php?rest_route=\/wp\/v2\/pages\/2567\/revisions"}],"predecessor-version":[{"id":2599,"href":"https:\/\/mecticenter.com\/index.php?rest_route=\/wp\/v2\/pages\/2567\/revisions\/2599"}],"wp:attachment":[{"href":"https:\/\/mecticenter.com\/index.php?rest_route=%2Fwp%2Fv2%2Fmedia&parent=2567"}],"curies":[{"name":"wp","href":"https:\/\/api.w.org\/{rel}","templated":true}]}}